{"id":38,"date":"2014-06-20T10:22:34","date_gmt":"2014-06-20T09:22:34","guid":{"rendered":"http:\/\/s529271377.onlinehome.fr\/siteweb\/?page_id=38"},"modified":"2025-03-17T15:26:33","modified_gmt":"2025-03-17T14:26:33","slug":"contacts-et-liens","status":"publish","type":"page","link":"https:\/\/www.afc69.fr\/?page_id=38","title":{"rendered":"CONTACT"},"content":{"rendered":"<div class=\"wp-block-image\">\n<figure class=\"aligncenter size-large\"><a href=\"https:\/\/www.afc69.fr\/wp-content\/uploads\/2025\/03\/Logo-LOCAL_H-RGB-scaled.jpg\"><img loading=\"lazy\" decoding=\"async\" width=\"1024\" height=\"409\" src=\"https:\/\/www.afc69.fr\/wp-content\/uploads\/2025\/03\/Logo-LOCAL_H-RGB-1024x409.jpg\" alt=\"\" class=\"wp-image-14905\" srcset=\"https:\/\/www.afc69.fr\/wp-content\/uploads\/2025\/03\/Logo-LOCAL_H-RGB-1024x409.jpg 1024w, https:\/\/www.afc69.fr\/wp-content\/uploads\/2025\/03\/Logo-LOCAL_H-RGB-300x120.jpg 300w, https:\/\/www.afc69.fr\/wp-content\/uploads\/2025\/03\/Logo-LOCAL_H-RGB-768x307.jpg 768w, https:\/\/www.afc69.fr\/wp-content\/uploads\/2025\/03\/Logo-LOCAL_H-RGB-1536x614.jpg 1536w, https:\/\/www.afc69.fr\/wp-content\/uploads\/2025\/03\/Logo-LOCAL_H-RGB-2048x818.jpg 2048w, https:\/\/www.afc69.fr\/wp-content\/uploads\/2025\/03\/Logo-LOCAL_H-RGB-500x200.jpg 500w, https:\/\/www.afc69.fr\/wp-content\/uploads\/2025\/03\/Logo-LOCAL_H-RGB-1320x527.jpg 1320w\" sizes=\"auto, (max-width: 1024px) 100vw, 1024px\" \/><\/a><\/figure>\n<\/div>\n\n<header class=\"entry-header\" style=\"color: #373737;\">\n<h1>F\u00e9d\u00e9ration des AFC du Rh\u00f4ne<\/h1>\n<p>4, rue des Remparts d&rsquo;Ainay &#8211;\u00a069002 LYON<\/p>\n<p>T\u00e9l\u00e9phone : 04.78.37.09.22 (r\u00e9pondeur)<\/p>\n<p>e-mail : fafcrhone@hotmail.fr<\/p>\n<\/header>\n<p>____________________________________________________________________<\/p>\n<header class=\"entry-header\" style=\"color: #373737;\"><strong>Permanences en p\u00e9riode scolaire (fermeture pendant les vacances scolaires) : <\/strong><\/header>\n<header class=\"entry-header\" style=\"color: #373737;\">La F\u00e9d\u00e9ration des AFC du Rh\u00f4ne (FAFC du Rh\u00f4ne) vous accueille au 4, rue des Remparts d&rsquo;Ainay :<\/p>\n<ul>\n<li style=\"text-align: left;\">le lundi de 14h \u00e0 16h30<\/li>\n<li style=\"text-align: left;\">le vendredi de 14h \u00e0 16h30<\/li>\n<\/ul>\n<\/header>\n\n\n<p><a href=\"https:\/\/www.afc69.fr\/wp-admin\/edit.php?post_type=page\"><\/a><\/p>\n\n\n\n<p><\/p>\n","protected":false},"excerpt":{"rendered":"<p>F\u00e9d\u00e9ration des AFC du Rh\u00f4ne 4, rue des Remparts d&rsquo;Ainay &#8211;\u00a069002 LYON T\u00e9l\u00e9phone : 04.78.37.09.22 (r\u00e9pondeur) e-mail : fafcrhone@hotmail.fr ____________________________________________________________________ Permanences en p\u00e9riode scolaire (fermeture pendant les vacances scolaires) : La F\u00e9d\u00e9ration des AFC du Rh\u00f4ne (FAFC du Rh\u00f4ne) vous &hellip; <a href=\"https:\/\/www.afc69.fr\/?page_id=38\">Continuer la lecture <span class=\"meta-nav\">&rarr;<\/span><\/a><\/p>\n","protected":false},"author":2,"featured_media":0,"parent":0,"menu_order":1,"comment_status":"open","ping_status":"closed","template":"","meta":{"footnotes":""},"class_list":["post-38","page","type-page","status-publish","hentry"],"_links":{"self":[{"href":"https:\/\/www.afc69.fr\/index.php?rest_route=\/wp\/v2\/pages\/38","targetHints":{"allow":["GET"]}}],"collection":[{"href":"https:\/\/www.afc69.fr\/index.php?rest_route=\/wp\/v2\/pages"}],"about":[{"href":"https:\/\/www.afc69.fr\/index.php?rest_route=\/wp\/v2\/types\/page"}],"author":[{"embeddable":true,"href":"https:\/\/www.afc69.fr\/index.php?rest_route=\/wp\/v2\/users\/2"}],"replies":[{"embeddable":true,"href":"https:\/\/www.afc69.fr\/index.php?rest_route=%2Fwp%2Fv2%2Fcomments&post=38"}],"version-history":[{"count":22,"href":"https:\/\/www.afc69.fr\/index.php?rest_route=\/wp\/v2\/pages\/38\/revisions"}],"predecessor-version":[{"id":14907,"href":"https:\/\/www.afc69.fr\/index.php?rest_route=\/wp\/v2\/pages\/38\/revisions\/14907"}],"wp:attachment":[{"href":"https:\/\/www.afc69.fr\/index.php?rest_route=%2Fwp%2Fv2%2Fmedia&parent=38"}],"curies":[{"name":"wp","href":"https:\/\/api.w.org\/{rel}","templated":true}]}}