{"id":1541,"date":"2017-10-20T07:38:23","date_gmt":"2017-10-20T06:38:23","guid":{"rendered":"http:\/\/www.afc69.fr\/?page_id=1541"},"modified":"2025-12-17T17:08:12","modified_gmt":"2025-12-17T16:08:12","slug":"afc-rive-gauche-presentation","status":"publish","type":"page","link":"https:\/\/www.afc69.fr\/?page_id=1541","title":{"rendered":"AFC RIVE GAUCHE &#8211; AFC PRESQU&rsquo;\u00ceLE\/CROIX-ROUSSE."},"content":{"rendered":"<p><strong>Nombre d\u2019adh\u00e9rents en 2024<\/strong> : 214 familles adh\u00e9rentes.<\/p>\n<p>Son pr\u00e9sident est Jean-Baptiste TIXIER.<\/p>\n<p><strong>Contact:<\/strong> afc.lyonrivegauche@gmail.com<\/p>\n<p>Pour adh\u00e9rer: <a href=\"https:\/\/felix.afc-france.org\/espace-adherent\/login?utm_source=AFCfrance&amp;utm_medium=boutonmenu_site&amp;utm_campaign=constant\">Odoo (afc-france.org)<\/a><\/p>\n<p>Pour s&rsquo;abonner \u00e0 la newsletter hebdomadaire: <a href=\"https:\/\/www.afc69.fr\/\">AFC 69 | F\u00e9d\u00e9ration des Associations Familiales Catholiques du Rh\u00f4ne<\/a><\/p>\n\n\n<p class=\"has-text-align-center\">Pour soutenir la Famille, <a href=\"https:\/\/www.afc69.fr\/?page_id=1385\">adh\u00e9rez en ligne !<\/a><\/p>\n\n\n\n<p class=\"has-text-align-center\">La cotisation de base est maintenue \u00e0 33\u20ac<\/p>\n\n\n\n<p class=\"has-text-align-center\">La cotisation de soutien \u00e0 50\u20ac<\/p>\n","protected":false},"excerpt":{"rendered":"<p>Nombre d\u2019adh\u00e9rents en 2024 : 214 familles adh\u00e9rentes. Son pr\u00e9sident est Jean-Baptiste TIXIER. Contact: afc.lyonrivegauche@gmail.com Pour adh\u00e9rer: Odoo (afc-france.org) Pour s&rsquo;abonner \u00e0 la newsletter hebdomadaire: AFC 69 | F\u00e9d\u00e9ration des Associations Familiales Catholiques du Rh\u00f4ne Pour soutenir la Famille, adh\u00e9rez &hellip; <a href=\"https:\/\/www.afc69.fr\/?page_id=1541\">Continuer la lecture <span class=\"meta-nav\">&rarr;<\/span><\/a><\/p>\n","protected":false},"author":2,"featured_media":0,"parent":0,"menu_order":0,"comment_status":"closed","ping_status":"closed","template":"","meta":{"footnotes":""},"class_list":["post-1541","page","type-page","status-publish","hentry"],"_links":{"self":[{"href":"https:\/\/www.afc69.fr\/index.php?rest_route=\/wp\/v2\/pages\/1541","targetHints":{"allow":["GET"]}}],"collection":[{"href":"https:\/\/www.afc69.fr\/index.php?rest_route=\/wp\/v2\/pages"}],"about":[{"href":"https:\/\/www.afc69.fr\/index.php?rest_route=\/wp\/v2\/types\/page"}],"author":[{"embeddable":true,"href":"https:\/\/www.afc69.fr\/index.php?rest_route=\/wp\/v2\/users\/2"}],"replies":[{"embeddable":true,"href":"https:\/\/www.afc69.fr\/index.php?rest_route=%2Fwp%2Fv2%2Fcomments&post=1541"}],"version-history":[{"count":11,"href":"https:\/\/www.afc69.fr\/index.php?rest_route=\/wp\/v2\/pages\/1541\/revisions"}],"predecessor-version":[{"id":16841,"href":"https:\/\/www.afc69.fr\/index.php?rest_route=\/wp\/v2\/pages\/1541\/revisions\/16841"}],"wp:attachment":[{"href":"https:\/\/www.afc69.fr\/index.php?rest_route=%2Fwp%2Fv2%2Fmedia&parent=1541"}],"curies":[{"name":"wp","href":"https:\/\/api.w.org\/{rel}","templated":true}]}}