{"id":1409,"date":"2017-10-12T11:10:43","date_gmt":"2017-10-12T10:10:43","guid":{"rendered":"http:\/\/www.afc69.fr\/?page_id=1409"},"modified":"2025-12-17T17:05:28","modified_gmt":"2025-12-17T16:05:28","slug":"accueil","status":"publish","type":"page","link":"https:\/\/www.afc69.fr\/","title":{"rendered":"LA FEDERATION DES AFC DU RH\u00d4NE"},"content":{"rendered":"<div class=\"wp-block-image\">\n<figure class=\"aligncenter size-large\"><a href=\"https:\/\/www.afc69.fr\/wp-content\/uploads\/2025\/01\/Logo-LOCAL_H-RGB-scaled.jpg\"><img loading=\"lazy\" decoding=\"async\" width=\"1024\" height=\"409\" src=\"https:\/\/www.afc69.fr\/wp-content\/uploads\/2025\/01\/Logo-LOCAL_H-RGB-1024x409.jpg\" alt=\"\" class=\"wp-image-14495\" srcset=\"https:\/\/www.afc69.fr\/wp-content\/uploads\/2025\/01\/Logo-LOCAL_H-RGB-1024x409.jpg 1024w, https:\/\/www.afc69.fr\/wp-content\/uploads\/2025\/01\/Logo-LOCAL_H-RGB-300x120.jpg 300w, https:\/\/www.afc69.fr\/wp-content\/uploads\/2025\/01\/Logo-LOCAL_H-RGB-768x307.jpg 768w, https:\/\/www.afc69.fr\/wp-content\/uploads\/2025\/01\/Logo-LOCAL_H-RGB-1536x614.jpg 1536w, https:\/\/www.afc69.fr\/wp-content\/uploads\/2025\/01\/Logo-LOCAL_H-RGB-2048x818.jpg 2048w, https:\/\/www.afc69.fr\/wp-content\/uploads\/2025\/01\/Logo-LOCAL_H-RGB-500x200.jpg 500w, https:\/\/www.afc69.fr\/wp-content\/uploads\/2025\/01\/Logo-LOCAL_H-RGB-1320x527.jpg 1320w\" sizes=\"auto, (max-width: 1024px) 100vw, 1024px\" \/><\/a><\/figure>\n<\/div>\n\n<div class=\"wp-block-image\">\n<figure class=\"aligncenter size-large is-resized\"><a href=\"https:\/\/felix.afc-france.org\/espace-adherent\/login?utm_source=AFCfrance&amp;utm_medium=boutonmenu_site&amp;utm_campaign=constant\"><img loading=\"lazy\" decoding=\"async\" width=\"1024\" height=\"269\" src=\"https:\/\/www.afc69.fr\/wp-content\/uploads\/2024\/11\/image-20-1024x269.png\" alt=\"\" class=\"wp-image-13784\" style=\"width:670px;height:auto\" srcset=\"https:\/\/www.afc69.fr\/wp-content\/uploads\/2024\/11\/image-20-1024x269.png 1024w, https:\/\/www.afc69.fr\/wp-content\/uploads\/2024\/11\/image-20-300x79.png 300w, https:\/\/www.afc69.fr\/wp-content\/uploads\/2024\/11\/image-20-768x202.png 768w, https:\/\/www.afc69.fr\/wp-content\/uploads\/2024\/11\/image-20-500x131.png 500w, https:\/\/www.afc69.fr\/wp-content\/uploads\/2024\/11\/image-20.png 1165w\" sizes=\"auto, (max-width: 1024px) 100vw, 1024px\" \/><\/a><\/figure>\n<\/div>\n\n\n<p class=\"has-text-align-center has-white-background-color has-text-color has-background\" style=\"color:#48606e\"><strong>La famille, issue du mariage entre un homme et une femme, communaut\u00e9 de vie et d\u2019amour est la cellule vitale de la soci\u00e9t\u00e9<\/strong>.<\/p>\n\n\n\n<p class=\"has-text-align-center has-white-background-color has-text-color has-background\" style=\"color:#48606e\"><strong>La vocation des AFC est de remettre la famille au c\u0153ur de notre soci\u00e9t\u00e9, \u00e0 travers toutes nos missions. Ensemble, avan\u00e7ons&nbsp;<em>la Famille au c\u0153ur<\/em>&nbsp;!<\/strong><\/p>\n\n\n<div class=\"wp-block-image\">\n<figure class=\"aligncenter size-large\"><a href=\"https:\/\/www.afc69.fr\/wp-content\/uploads\/2025\/01\/image-61.png\"><img loading=\"lazy\" decoding=\"async\" width=\"1024\" height=\"204\" src=\"https:\/\/www.afc69.fr\/wp-content\/uploads\/2025\/01\/image-61-1024x204.png\" alt=\"\" class=\"wp-image-14473\" srcset=\"https:\/\/www.afc69.fr\/wp-content\/uploads\/2025\/01\/image-61-1024x204.png 1024w, https:\/\/www.afc69.fr\/wp-content\/uploads\/2025\/01\/image-61-300x60.png 300w, https:\/\/www.afc69.fr\/wp-content\/uploads\/2025\/01\/image-61-768x153.png 768w, https:\/\/www.afc69.fr\/wp-content\/uploads\/2025\/01\/image-61-500x99.png 500w, https:\/\/www.afc69.fr\/wp-content\/uploads\/2025\/01\/image-61-1320x262.png 1320w, https:\/\/www.afc69.fr\/wp-content\/uploads\/2025\/01\/image-61.png 1398w\" sizes=\"auto, (max-width: 1024px) 100vw, 1024px\" \/><\/a><\/figure>\n<\/div>\n\n\n<p class=\"has-text-align-center has-text-color\" style=\"color:#466983\">La permanence de la <strong>F\u00e9d\u00e9ration des AFC du Rh\u00f4ne<\/strong>, situ\u00e9e 4, rue des Remparts d&rsquo;Ainay (Lyon 2), est ouverte :<\/p>\n\n\n\n<p class=\"has-text-align-center has-text-color\" style=\"color:#466983\">tous les lundis et vendredis de 14h \u00e0 16h30 (hors vacances scolaires).<\/p>\n\n\n\n<p class=\"has-text-align-center has-text-color\" style=\"color:#466983\"><strong>Contact:<\/strong> <strong>04 78 37 09 22<\/strong><\/p>\n\n\n\n<p class=\"has-text-align-center has-text-color\" style=\"color:#466983\"><strong>Vous pouvez nous \u00e9crire \u00e0 <a href=\"mailto:fafcrhone@hotmail.fr\">fafcrhone@hotmail.fr<\/a><\/strong><\/p>\n\n\n\n<p class=\"has-text-color\" style=\"color:#436b89\"><strong>Ou \u00e9crire \u00e0 votre AFC locale :<\/strong><\/p>\n\n\n\n<p class=\"has-text-color\" style=\"color:#39566a\"><a href=\"mailto:afc.lyonrivegauche@gmail.com\">afc.lyonrivegauche@gmail.com<\/a> pour l&rsquo;AFC Lyon Rive Gauche et pour l&rsquo;AFC Presqu&rsquo;Ile Croix-Rousse<\/p>\n\n\n\n<p class=\"has-text-color\" style=\"color:#39566a\"><a href=\"mailto:afc.stjmv@gmail.com\">afc.stjmv@gmail.com<\/a>\npour l&rsquo;AFC St Jean-Marie Vianney<\/p>\n\n\n\n<p class=\"has-text-color\" style=\"color:#39566a\"><a href=\"mailto:afc69villefranche@afc-france.org\">marielaselve@hotmail.fr<\/a> pour l&rsquo;AFC Villefranche-Beaujolais<\/p>\n\n\n\n<p class=\"has-text-color\" style=\"color:#39566a\"><a href=\"mailto:desaintmarc2000@yahoo.fr\">desaintmarc2000@yahoo.fr<\/a>\npour l&rsquo;AFC St Ir\u00e9n\u00e9e<\/p>\n\n\n\n<p class=\"has-text-color\" style=\"color:#39566a\"><strong>Vous pouvez \u00e9galement adh\u00e9rer en ligne (pr\u00e9f\u00e9rable au courrier).<\/strong><\/p>\n\n\n<div class=\"wp-block-image\">\n<figure class=\"aligncenter size-large\"><a href=\"https:\/\/felix.afc-france.org\/espace-adherent\/login?utm_source=AFCfrance&amp;utm_medium=boutonmenu_site&amp;utm_campaign=constant\"><img loading=\"lazy\" decoding=\"async\" width=\"1024\" height=\"272\" src=\"https:\/\/www.afc69.fr\/wp-content\/uploads\/2025\/01\/image-60-1024x272.png\" alt=\"\" class=\"wp-image-14472\" srcset=\"https:\/\/www.afc69.fr\/wp-content\/uploads\/2025\/01\/image-60-1024x272.png 1024w, https:\/\/www.afc69.fr\/wp-content\/uploads\/2025\/01\/image-60-300x80.png 300w, https:\/\/www.afc69.fr\/wp-content\/uploads\/2025\/01\/image-60-768x204.png 768w, https:\/\/www.afc69.fr\/wp-content\/uploads\/2025\/01\/image-60-500x133.png 500w, https:\/\/www.afc69.fr\/wp-content\/uploads\/2025\/01\/image-60-1320x351.png 1320w, https:\/\/www.afc69.fr\/wp-content\/uploads\/2025\/01\/image-60.png 1404w\" sizes=\"auto, (max-width: 1024px) 100vw, 1024px\" \/><\/a><\/figure>\n<\/div>\n\n\n<p class=\"has-text-color\" style=\"color:#39566a\">Voici le lien : <a href=\"https:\/\/felix.afc-france.org\/espace-adherent\/login\">https:\/\/felix.afc-france.org\/espace-adherent\/login<\/a> <\/p>\n\n\n\n<p class=\"has-text-align-center\"><a href=\"https:\/\/www.afc-france.org\/les-afc\/pourquoi-adherer\/\">Pourquoi adh\u00e9rer ? &#8211; Les Associations Familiales Catholiques<\/a><\/p>\n\n\n<p>_________________________________________________________________________<\/p>\n<p dir=\"ltr\" align=\"center\"><strong>Parce que nous croyons en la famille !<\/strong><\/p>\n<div dir=\"ltr\" style=\"text-align: center;\"><strong>\u00a0Parce qu&rsquo;elle est le fondement de la soci\u00e9t\u00e9 !<\/strong><\/div>\n<div dir=\"ltr\">\u00a0<\/div>\n<p dir=\"ltr\" align=\"center\"><strong>Rejoignez nous !<\/strong><\/p>\n<div dir=\"ltr\">\u00a0<\/div>\n<p dir=\"ltr\" align=\"center\">Les AFC sont une force de proposition aupr\u00e8s des acteurs et d\u00e9cideurs\u00a0: \u00c9LUS, UDAF, CAF, CCAS, H\u00d4PITAUX,\u2026<\/p>\n<div dir=\"ltr\" style=\"text-align: center;\">\u00a0Les AFC apportent un service aux familles\u00a0:<\/div>\n<div dir=\"ltr\">\u00a0<\/div>\n<p dir=\"ltr\" align=\"center\">Chantiers-\u00c9ducation, conf\u00e9rences, formations, bourses aux v\u00eatements et aux jouets, biblioth\u00e8que, visites en famille, ateliers bricolage, entraide et partage de petites annonces &#8230;<\/p>\n<p dir=\"ltr\" align=\"center\"><u>Renouvelez<\/u> votre adh\u00e9sion 2025 (<strong>32\u20ac<\/strong> pour AFC Villefranche, AFC Presqu&rsquo;\u00eele-Croix-Rousse et AFC Saint Ir\u00e9n\u00e9e;<strong> 33\u20ac<\/strong> pour l&rsquo;AFC Rive-Gauche, <strong>35\u20ac<\/strong> pour AFC Saint Jean-Marie Vianney)<\/p>\n<p dir=\"ltr\" align=\"center\"><strong>ADH\u00c9RER, C\u2019EST D\u00c9J\u00c0 AGIR<\/strong><\/p>\n<div dir=\"ltr\" style=\"text-align: center;\">\u00a0<a id=\"x_x_gmail-m_-7245871267013637478m_7946642638774501170m_4030952599422358200gmail-m_-79710075957076570m_5708810176189007736LPlnk852296\" href=\"http:\/\/www.afc-france.org\/les-afc\/pourquoi-adherer\/\" target=\"_blank\" rel=\"noopener noreferrer\">http:\/\/www.afc-france.org\/nous<wbr \/>-rejoindre\/actions\/adherer<\/a><\/div>\n<div dir=\"ltr\">\u00a0<\/div>\n<div dir=\"ltr\">\u00a0<\/div>\n<p dir=\"ltr\" align=\"center\">","protected":false},"excerpt":{"rendered":"<p>La famille, issue du mariage entre un homme et une femme, communaut\u00e9 de vie et d\u2019amour est la cellule vitale de la soci\u00e9t\u00e9. La vocation des AFC est de remettre la famille au c\u0153ur de notre soci\u00e9t\u00e9, \u00e0 travers toutes &hellip; <a href=\"https:\/\/www.afc69.fr\/\">Continuer la lecture <span class=\"meta-nav\">&rarr;<\/span><\/a><\/p>\n","protected":false},"author":2,"featured_media":16385,"parent":0,"menu_order":0,"comment_status":"closed","ping_status":"closed","template":"","meta":{"footnotes":""},"class_list":["post-1409","page","type-page","status-publish","has-post-thumbnail","hentry"],"_links":{"self":[{"href":"https:\/\/www.afc69.fr\/index.php?rest_route=\/wp\/v2\/pages\/1409","targetHints":{"allow":["GET"]}}],"collection":[{"href":"https:\/\/www.afc69.fr\/index.php?rest_route=\/wp\/v2\/pages"}],"about":[{"href":"https:\/\/www.afc69.fr\/index.php?rest_route=\/wp\/v2\/types\/page"}],"author":[{"embeddable":true,"href":"https:\/\/www.afc69.fr\/index.php?rest_route=\/wp\/v2\/users\/2"}],"replies":[{"embeddable":true,"href":"https:\/\/www.afc69.fr\/index.php?rest_route=%2Fwp%2Fv2%2Fcomments&post=1409"}],"version-history":[{"count":239,"href":"https:\/\/www.afc69.fr\/index.php?rest_route=\/wp\/v2\/pages\/1409\/revisions"}],"predecessor-version":[{"id":16839,"href":"https:\/\/www.afc69.fr\/index.php?rest_route=\/wp\/v2\/pages\/1409\/revisions\/16839"}],"wp:featuredmedia":[{"embeddable":true,"href":"https:\/\/www.afc69.fr\/index.php?rest_route=\/wp\/v2\/media\/16385"}],"wp:attachment":[{"href":"https:\/\/www.afc69.fr\/index.php?rest_route=%2Fwp%2Fv2%2Fmedia&parent=1409"}],"curies":[{"name":"wp","href":"https:\/\/api.w.org\/{rel}","templated":true}]}}

LA FEDERATION DES AFC DU RHÔNE

<div class="wp-block-image">
<figure class="aligncenter size-large"><a href="https://www.afc69.fr/wp-content/uploads/2025/01/Logo-LOCAL_H-RGB-scaled.jpg"><img loading="lazy" decoding="async" width="1024" height="409" src="https://www.afc69.fr/wp-content/uploads/2025/01/Logo-LOCAL_H-RGB-1024x409.jpg" alt="" class="wp-image-14495" srcset="https://www.afc69.fr/wp-content/uploads/2025/01/Logo-LOCAL_H-RGB-1024x409.jpg 1024w, https://www.afc69.fr/wp-content/uploads/2025/01/Logo-LOCAL_H-RGB-300x120.jpg 300w, https://www.afc69.fr/wp-content/uploads/2025/01/Logo-LOCAL_H-RGB-768x307.jpg 768w, https://www.afc69.fr/wp-content/uploads/2025/01/Logo-LOCAL_H-RGB-1536x614.jpg 1536w, https://www.afc69.fr/wp-content/uploads/2025/01/Logo-LOCAL_H-RGB-2048x818.jpg 2048w, https://www.afc69.fr/wp-content/uploads/2025/01/Logo-LOCAL_H-RGB-500x200.jpg 500w, https://www.afc69.fr/wp-content/uploads/2025/01/Logo-LOCAL_H-RGB-1320x527.jpg 1320w" sizes="auto, (max-width: 1024px) 100vw, 1024px" /></a></figure>
</div>

<div class="wp-block-image">
<figure class="aligncenter size-large is-resized"><a href="https://felix.afc-france.org/espace-adherent/login?utm_source=AFCfrance&amp;utm_medium=boutonmenu_site&amp;utm_campaign=constant"><img loading="lazy" decoding="async" width="1024" height="269" src="https://www.afc69.fr/wp-content/uploads/2024/11/image-20-1024x269.png" alt="" class="wp-image-13784" style="width:670px;height:auto" srcset="https://www.afc69.fr/wp-content/uploads/2024/11/image-20-1024x269.png 1024w, https://www.afc69.fr/wp-content/uploads/2024/11/image-20-300x79.png 300w, https://www.afc69.fr/wp-content/uploads/2024/11/image-20-768x202.png 768w, https://www.afc69.fr/wp-content/uploads/2024/11/image-20-500x131.png 500w, https://www.afc69.fr/wp-content/uploads/2024/11/image-20.png 1165w" sizes="auto, (max-width: 1024px) 100vw, 1024px" /></a></figure>
</div>


<p class="has-text-align-center has-white-background-color has-text-color has-background" style="color:#48606e"><strong>La famille, issue du mariage entre un homme et une femme, communauté de vie et d’amour est la cellule vitale de la société</strong>.</p>



<p class="has-text-align-center has-white-background-color has-text-color has-background" style="color:#48606e"><strong>La vocation des AFC est de remettre la famille au cœur de notre société, à travers toutes nos missions. Ensemble, avançons&nbsp;<em>la Famille au cœur</em>&nbsp;!</strong></p>


<div class="wp-block-image">
<figure class="aligncenter size-large"><a href="https://www.afc69.fr/wp-content/uploads/2025/01/image-61.png"><img loading="lazy" decoding="async" width="1024" height="204" src="https://www.afc69.fr/wp-content/uploads/2025/01/image-61-1024x204.png" alt="" class="wp-image-14473" srcset="https://www.afc69.fr/wp-content/uploads/2025/01/image-61-1024x204.png 1024w, https://www.afc69.fr/wp-content/uploads/2025/01/image-61-300x60.png 300w, https://www.afc69.fr/wp-content/uploads/2025/01/image-61-768x153.png 768w, https://www.afc69.fr/wp-content/uploads/2025/01/image-61-500x99.png 500w, https://www.afc69.fr/wp-content/uploads/2025/01/image-61-1320x262.png 1320w, https://www.afc69.fr/wp-content/uploads/2025/01/image-61.png 1398w" sizes="auto, (max-width: 1024px) 100vw, 1024px" /></a></figure>
</div>


<p class="has-text-align-center has-text-color" style="color:#466983">La permanence de la <strong>Fédération des AFC du Rhône</strong>, située 4, rue des Remparts d&rsquo;Ainay (Lyon 2), est ouverte :</p>



<p class="has-text-align-center has-text-color" style="color:#466983">tous les lundis et vendredis de 14h à 16h30 (hors vacances scolaires).</p>



<p class="has-text-align-center has-text-color" style="color:#466983"><strong>Contact:</strong> <strong>04 78 37 09 22</strong></p>



<p class="has-text-align-center has-text-color" style="color:#466983"><strong>Vous pouvez nous écrire à <a href="mailto:fafcrhone@hotmail.fr">fafcrhone@hotmail.fr</a></strong></p>



<p class="has-text-color" style="color:#436b89"><strong>Ou écrire à votre AFC locale :</strong></p>



<p class="has-text-color" style="color:#39566a"><a href="mailto:afc.lyonrivegauche@gmail.com">afc.lyonrivegauche@gmail.com</a> pour l&rsquo;AFC Lyon Rive Gauche et pour l&rsquo;AFC Presqu&rsquo;Ile Croix-Rousse</p>



<p class="has-text-color" style="color:#39566a"><a href="mailto:afc.stjmv@gmail.com">afc.stjmv@gmail.com</a>
pour l&rsquo;AFC St Jean-Marie Vianney</p>



<p class="has-text-color" style="color:#39566a"><a href="mailto:afc69villefranche@afc-france.org">marielaselve@hotmail.fr</a> pour l&rsquo;AFC Villefranche-Beaujolais</p>



<p class="has-text-color" style="color:#39566a"><a href="mailto:desaintmarc2000@yahoo.fr">desaintmarc2000@yahoo.fr</a>
pour l&rsquo;AFC St Irénée</p>



<p class="has-text-color" style="color:#39566a"><strong>Vous pouvez également adhérer en ligne (préférable au courrier).</strong></p>


<div class="wp-block-image">
<figure class="aligncenter size-large"><a href="https://felix.afc-france.org/espace-adherent/login?utm_source=AFCfrance&amp;utm_medium=boutonmenu_site&amp;utm_campaign=constant"><img loading="lazy" decoding="async" width="1024" height="272" src="https://www.afc69.fr/wp-content/uploads/2025/01/image-60-1024x272.png" alt="" class="wp-image-14472" srcset="https://www.afc69.fr/wp-content/uploads/2025/01/image-60-1024x272.png 1024w, https://www.afc69.fr/wp-content/uploads/2025/01/image-60-300x80.png 300w, https://www.afc69.fr/wp-content/uploads/2025/01/image-60-768x204.png 768w, https://www.afc69.fr/wp-content/uploads/2025/01/image-60-500x133.png 500w, https://www.afc69.fr/wp-content/uploads/2025/01/image-60-1320x351.png 1320w, https://www.afc69.fr/wp-content/uploads/2025/01/image-60.png 1404w" sizes="auto, (max-width: 1024px) 100vw, 1024px" /></a></figure>
</div>


<p class="has-text-color" style="color:#39566a">Voici le lien : <a href="https://felix.afc-france.org/espace-adherent/login">https://felix.afc-france.org/espace-adherent/login</a> </p>



<p class="has-text-align-center"><a href="https://www.afc-france.org/les-afc/pourquoi-adherer/">Pourquoi adhérer ? &#8211; Les Associations Familiales Catholiques</a></p>


<p>_________________________________________________________________________</p>
<p dir="ltr" align="center"><strong>Parce que nous croyons en la famille !</strong></p>
<div dir="ltr" style="text-align: center;"><strong> Parce qu&rsquo;elle est le fondement de la société !</strong></div>
<div dir="ltr"> </div>
<p dir="ltr" align="center"><strong>Rejoignez nous !</strong></p>
<div dir="ltr"> </div>
<p dir="ltr" align="center">Les AFC sont une force de proposition auprès des acteurs et décideurs : ÉLUS, UDAF, CAF, CCAS, HÔPITAUX,…</p>
<div dir="ltr" style="text-align: center;"> Les AFC apportent un service aux familles :</div>
<div dir="ltr"> </div>
<p dir="ltr" align="center">Chantiers-Éducation, conférences, formations, bourses aux vêtements et aux jouets, bibliothèque, visites en famille, ateliers bricolage, entraide et partage de petites annonces &#8230;</p>
<p dir="ltr" align="center"><u>Renouvelez</u> votre adhésion 2025 (<strong>32€</strong> pour AFC Villefranche, AFC Presqu&rsquo;île-Croix-Rousse et AFC Saint Irénée;<strong> 33€</strong> pour l&rsquo;AFC Rive-Gauche, <strong>35€</strong> pour AFC Saint Jean-Marie Vianney)</p>
<p dir="ltr" align="center"><strong>ADHÉRER, C’EST DÉJÀ AGIR</strong></p>
<div dir="ltr" style="text-align: center;"> <a id="x_x_gmail-m_-7245871267013637478m_7946642638774501170m_4030952599422358200gmail-m_-79710075957076570m_5708810176189007736LPlnk852296" href="http://www.afc-france.org/les-afc/pourquoi-adherer/" target="_blank" rel="noopener noreferrer">http://www.afc-france.org/nous<wbr />-rejoindre/actions/adherer</a></div>
<div dir="ltr"> </div>
<div dir="ltr"> </div>
<p dir="ltr" align="center">

<p>La famille, issue du mariage entre un homme et une femme, communauté de vie et d’amour est la cellule vitale de la société. La vocation des AFC est de remettre la famille au cœur de notre société, à travers toutes &hellip; <a href="https://www.afc69.fr/">Continuer la lecture <span class="meta-nav">&rarr;</span></a></p>
