{"id":1385,"date":"2017-10-12T09:18:26","date_gmt":"2017-10-12T08:18:26","guid":{"rendered":"http:\/\/www.afc69.fr\/?page_id=1385"},"modified":"2025-01-20T15:07:30","modified_gmt":"2025-01-20T14:07:30","slug":"adherer-en-ligne","status":"publish","type":"page","link":"https:\/\/www.afc69.fr\/?page_id=1385","title":{"rendered":"ADHERER EN LIGNE"},"content":{"rendered":"\n<p class=\"has-text-align-center has-text-color\" style=\"color:#bb3c9f\"><strong>Parce que nous croyons en la famille !&nbsp; Parce qu&rsquo;elle est le fondement de la soci\u00e9t\u00e9 !<\/strong><\/p>\n\n\n\n<p class=\"has-text-align-center has-text-color\" style=\"color:#bb3c9f\"><strong>Rejoignez nous !<\/strong><\/p>\n\n\n\n<figure class=\"wp-block-image size-full\"><a href=\"https:\/\/felix.afc-france.org\/espace-adherent\/login?utm_source=AFCfrance&amp;utm_medium=bouton_HomePage&amp;utm_campaign=constant\"><img loading=\"lazy\" decoding=\"async\" width=\"970\" height=\"250\" src=\"https:\/\/www.afc69.fr\/wp-content\/uploads\/2023\/05\/image.png\" alt=\"\" class=\"wp-image-10788\" srcset=\"https:\/\/www.afc69.fr\/wp-content\/uploads\/2023\/05\/image.png 970w, https:\/\/www.afc69.fr\/wp-content\/uploads\/2023\/05\/image-300x77.png 300w, https:\/\/www.afc69.fr\/wp-content\/uploads\/2023\/05\/image-768x198.png 768w, https:\/\/www.afc69.fr\/wp-content\/uploads\/2023\/05\/image-500x129.png 500w\" sizes=\"auto, (max-width: 970px) 100vw, 970px\" \/><\/a><\/figure>\n\n\n\n<h2 class=\"wp-block-heading\">Adh\u00e9rer aux AFC, c\u2019est renforcer la voix des familles dans la soci\u00e9t\u00e9<\/h2>\n\n\n\n<p>En adh\u00e9rant aux AFC, vous leur donnez plus de poids, plus de force et plus d\u2019efficacit\u00e9 pour d\u00e9fendre concr\u00e8tement vos convictions. L\u2019influence des AFC dans les organismes repr\u00e9sentatifs est en effet directement li\u00e9e au nombre de ses adh\u00e9rents.<\/p>\n\n\n\n<p><strong>Pour agir au niveau national comme local, nous avons besoin de vous.<\/strong><\/p>\n\n\n\n<p class=\"has-text-color\" style=\"color:#b849a4\"><strong>ADH\u00c9RER, C\u2019EST D\u00c9J\u00c0 AGIR<\/strong>: <a href=\"https:\/\/felix.afc-france.org\/espace-adherent\/login\" target=\"_blank\" rel=\"noreferrer noopener\">https:\/\/felix.afc-france.org\/espace-adherent\/login<\/a><\/p>\n\n\n\n<h2 class=\"wp-block-heading\">Agir localement sur la politique familiale<\/h2>\n\n\n\n<p>Les AFC cherchent \u00e0 peser en faveur des familles directement aupr\u00e8s des pouvoirs publics et des institutions nationales (Assembl\u00e9e, S\u00e9nat) ou locales (Mairies, Centres Communaux d\u2019Actions Sociales, etc.) mais aussi, depuis 1945, par l\u2019interm\u00e9diaire de l\u2019<a href=\"https:\/\/www.afc-france.org\/les-afc\/aller-plus-loin\/\">UNAF<\/a> (Union Nationale des Associations Familiales).<\/p>\n\n\n\n<p>Elle agit \u00e9galement au niveau d\u00e9partemental et r\u00e9gional par l\u2019interm\u00e9diaire <a href=\"https:\/\/www.afc-france.org\/les-afc\/aller-plus-loin\/\">des UDAF et des URAF<\/a>.<\/p>\n\n\n\n<h2 class=\"wp-block-heading\">B\u00e9n\u00e9ficier de services<\/h2>\n\n\n\n<p>Chaque AFC propose plusieurs services aux familles pour les soutenir dans leur quotidien de couple et de famille.<\/p>\n\n\n\n<p>Conf\u00e9rences, formations, activit\u00e9s familiales, halte-garderie, Chantiers-Education\u2026&nbsp;: au plus pr\u00e8s de vos besoins pour faire rayonner votre foyer&nbsp;!<\/p>\n\n\n\n<p class=\"has-text-color\" style=\"color:#c23da9\"><strong>ADH\u00c9RER, C\u2019EST D\u00c9J\u00c0 AGIR<\/strong>: <a href=\"https:\/\/felix.afc-france.org\/espace-adherent\/login\">Odoo (afc-france.org)<\/a><\/p>\n\n\n\n<h2 class=\"wp-block-heading\"><strong>Cotisation et avantages fiscaux<\/strong><\/h2>\n\n\n\n<p>Le montant de la cotisation est variable selon les AFC. En moyen, <strong>il est de 30\u20ac<\/strong> pour une ann\u00e9e civile. <a href=\"https:\/\/www.afc-france.org\/les-afc\/trouver-mon-afc\/\">Trouver votre AFC<\/a> pour conna\u00eetre le montant.<\/p>\n\n\n\n<p>En adh\u00e9rant aux AFC, vous b\u00e9n\u00e9ficiez de la <strong>r\u00e9duction d\u2019imp\u00f4ts<\/strong> pr\u00e9vues par la loi. 66% de votre cotisation est d\u00e9ductible de vos imp\u00f4ts dans la limite de 20% de votre revenu imposable. Si vous cotisez \u00e0 hauteur de 30\u20ac par exemple, 19,80\u20ac seront d\u00e9duits de vos imp\u00f4ts. Votre d\u00e9pense r\u00e9elle ne sera donc que de 10,20\u20ac. Vous recevrez en retour un re\u00e7u fiscal \u00e9mis par votre AFC locale.<\/p>\n\n\n\n<p class=\"has-text-align-center has-text-color\" style=\"color:#b9378c\"><span style=\"font-size: large;\">\u00ab Plut\u00f4t que de ressasser le probl\u00e8me de la Famille en crise dans un monde moderne, il faut comprendre que la famille <\/span><\/p>\n\n\n\n<p class=\"has-text-align-center has-text-color\" style=\"color:#b9378c\"><span style=\"font-size: large;\">EST la solution moderne dans un monde en crise \u00bb Antoine Renard&nbsp;<\/span><\/p>\n\n\n\n<p>______________________________________________________________________<\/p>\n\n\n\n<p><a href=\"https:\/\/felix.afc-france.org\/espace-adherent\/login\">Odoo (afc-france.org)<\/a><\/p>\n\n\n\n<p>Pour adh\u00e9rer aux AFC, renouveler votre adh\u00e9sion ou faire un don en ligne, CLIQUEZ sur le lien ci-dessus.<\/p>\n\n\n\n<figure class=\"wp-block-embed is-type-video is-provider-youtube wp-block-embed-youtube wp-embed-aspect-16-9 wp-has-aspect-ratio\"><div class=\"wp-block-embed__wrapper\">\n<iframe loading=\"lazy\" title=\"Adh\u00e9rer aux AFC, c\u2019est agir pour la famille\" width=\"584\" height=\"329\" src=\"https:\/\/www.youtube.com\/embed\/muB6zQ9axYA?feature=oembed\" frameborder=\"0\" allow=\"accelerometer; autoplay; clipboard-write; encrypted-media; gyroscope; picture-in-picture; web-share\" referrerpolicy=\"strict-origin-when-cross-origin\" allowfullscreen><\/iframe>\n<\/div><\/figure>\n","protected":false},"excerpt":{"rendered":"<p>Parce que nous croyons en la famille !&nbsp; Parce qu&rsquo;elle est le fondement de la soci\u00e9t\u00e9 ! Rejoignez nous ! Adh\u00e9rer aux AFC, c\u2019est renforcer la voix des familles dans la soci\u00e9t\u00e9 En adh\u00e9rant aux AFC, vous leur donnez plus &hellip; <a href=\"https:\/\/www.afc69.fr\/?page_id=1385\">Continuer la lecture <span class=\"meta-nav\">&rarr;<\/span><\/a><\/p>\n","protected":false},"author":2,"featured_media":0,"parent":0,"menu_order":0,"comment_status":"closed","ping_status":"closed","template":"","meta":{"footnotes":""},"class_list":["post-1385","page","type-page","status-publish","hentry"],"_links":{"self":[{"href":"https:\/\/www.afc69.fr\/index.php?rest_route=\/wp\/v2\/pages\/1385","targetHints":{"allow":["GET"]}}],"collection":[{"href":"https:\/\/www.afc69.fr\/index.php?rest_route=\/wp\/v2\/pages"}],"about":[{"href":"https:\/\/www.afc69.fr\/index.php?rest_route=\/wp\/v2\/types\/page"}],"author":[{"embeddable":true,"href":"https:\/\/www.afc69.fr\/index.php?rest_route=\/wp\/v2\/users\/2"}],"replies":[{"embeddable":true,"href":"https:\/\/www.afc69.fr\/index.php?rest_route=%2Fwp%2Fv2%2Fcomments&post=1385"}],"version-history":[{"count":26,"href":"https:\/\/www.afc69.fr\/index.php?rest_route=\/wp\/v2\/pages\/1385\/revisions"}],"predecessor-version":[{"id":14478,"href":"https:\/\/www.afc69.fr\/index.php?rest_route=\/wp\/v2\/pages\/1385\/revisions\/14478"}],"wp:attachment":[{"href":"https:\/\/www.afc69.fr\/index.php?rest_route=%2Fwp%2Fv2%2Fmedia&parent=1385"}],"curies":[{"name":"wp","href":"https:\/\/api.w.org\/{rel}","templated":true}]}}